700833?
4
What is the hundred thousands digit of 484178347?
1
What is the units digit of 3001343505?
5
What is the hundred millions digit of 416102398?
4
What is the hundreds digit of 1474214?
2
What is the units digit of 1487073679?
9
What is the hundreds digit of 27361074?
0
What is the hundreds digit of 49821733?
7
What is the hundreds digit of 2070490222?
2
What is the ten millions digit of 55241961?
5
What is the hundreds digit of 2465500579?
5
What is the ten thousands digit of 2252929?
5
What is the hundreds digit of 90006014?
0
What is the tens digit of 254340707?
0
What is the hundred millions digit of 5082868394?
0
What is the hundred millions digit of 1094611487?
0
What is the hundreds digit of 920617371?
3
What is the ten millions digit of 48669804?
4
What is the hundred thousands digit of 141879971?
8
What is the ten millions digit of 4068002983?
6
What is the units digit of 1577130661?
1
What is the hundred thousands digit of 327787504?
7
What is the hundred thousands digit of 51279119?
2
What is the tens digit of 2958222148?
4
What is the units digit of 646573003?
3
What is the hundred thousands digit of 61472761?
4
What is the hundred thousands digit of 307480329?
4
What is the tens digit of 73975587?
8
What is the thousands digit of 60112930?
2
What is the hundred millions digit of 3377197294?
3
What is the hundred millions digit of 315534565?
3
What is the thousands digit of 361883675?
3
What is the hundreds digit of 4158900681?
6
What is the units digit of 2976929359?
9
What is the millions digit of 620938335?
0
What is the hundreds digit of 2069711988?
9
What is the hundred thousands digit of 23453955?
4
What is the hundred thousands digit of 1660493426?
4
What is the tens digit of 194951042?
4
What is the millions digit of 1567627242?
7
What is the billions digit of 1810667552?
1
What is the tens digit of 1841746217?
1
What is the thousands digit of 1368877403?
7
What is the millions digit of 306508789?
6
What is the tens digit of 238507776?
7
What is the millions digit of 91815018?
1
What is the ten millions digit of 51239669?
5
What is the units digit of 115602545?
5
What is the tens digit of 507677122?
2
What is the millions digit of 3893947892?
3
What is the millions digit of 12412414?
2
What is the millions digit of 155175851?
5
What is the millions digit of 3196867872?
6
What is the hundred millions digit of 289595220?
2
What is the hundreds digit of 304413081?
0
What is the millions digit of 881812421?
1
What is the tens digit of 44255445?
4
What is the billions digit of 1880142731?
1
What is the hundreds digit of 30098016?
0
What is the billions digit of 1061954566?
1
What is the millions digit of 349594972?
9
What is the hundred millions digit of 1297680295?
2
What is the hundred millions digit of 363384937?
3
What is the millions digit of 47119172?
7
What is the hundred millions digit of 951549125?
9
What is the thousands digit of 51912633?
2
What is the millions digit of 107839178?
7
What is the ten thousands digit of 102350589?
5
What is the hundred thousands digit of 433011787?
0
What is the thousands digit of 616508708?
8
What is the thousands digit of 1195447550?
7
What is the units digit of 124619319?
9
What is the tens digit of 54489120?
2
What is the thousands digit of 298446916?
6
What is the thousands digit of 219306131?
6
What is the tens digit of 567220522?
2
What is the millions digit of 2799071256?
9
What is the ten thousands digit of 282206095?
0
What is the millions digit of 1552601892?
2
What is the ten thousands digit of 67246990?
4
What is the hundreds digit of 183915292?
2
What is the tens digit of 49601183?
8
What is the thousands digit of 143061236?
1
What is the hundreds digit of 153062179?
1
What is the ten millions digit of 2021613990?
2
What is the tens digit of 39819357?
5
What is the hundred thousands digit of 3031402818?
4
What is the tens digit of 493468288?
8
What is the hundreds digit of 180787300?
3
What is the thousands digit of 2886602175?
2
What is the hundreds digit of 2216138481?
4
What is the ten thousands digit of 136153516?
5
What is the ten thousands digit of 82822856?
2
What is the hundred millions digit of 177453894?
1
What is the ten millions digit of 43110355?
4
What is the billions digit of 1229579696?
1
What is the hundred thousands digit of 955780222?
7
What is the thousands digit of 72358938?
8
What is the ten millions digit of 48598182?
4
What is the thousands digit of 114371204?
1
What is the hundreds digit of 84498801?
8
What is the hundreds digit of 3158249407?
4
What is the ten millions digit of 42439139?
4
What is the units digit of 2775864327?
7
What is the hundred millions digit of 3701427800?
7
What is the hundreds digit of 48253975?
9
What is the ten thousands digit of 7110604476?
0
What is the thousands digit of 2808147894?
7
What is the tens digit of 70479896?
9
What is the tens digit of 51565277?
7
What is the hundreds digit of 209394422?
4
What is the billions digit of 6974140262?
6
What is the millions digit of 120357294?
0
What is the thousands digit of 858897840?
7
What is the hundred millions digit of 719176545?
7
What is the ten millions digit of 413834815?
1
What is the millions digit of 207455079?
7
What is the hundreds digit of 9791611?
6
What is the tens digit of 3951129?
2
What is the hundreds digit of 2425375512?
5
What is the ten thousands digit of 106053388?
5
What is the thousands digit of 863735665?
5
What is the ten millions digit of 797443368?
9
What is the millions digit of 2332155127?
2
What is the units digit of 45424356?
6
What is the hundreds digit of 1435866?
8
What is the ten thousands digit of 3691879384?
7
What is the tens digit of 47280496?
9
What is the thousands digit of 23736844?
6
What is the thousands digit of 447264653?
4
What is the ten thousands digit of 8021002?
2
What is the units digit of 83450336?
6
What is the thousands digit of 8713097?
3
What is the hundred millions digit of 330616963?
3
What is the hundred millions digit of 104971804?
1
What is the hundred thousands digit of 77409257?
4
What is the hundred thousands digit of 98288178?
2
What is the hundreds digit of 267050610?
6
What is the hundred thousands digit of 99143727?
1
What is the millions digit of 83796017?
3
What is the tens digit of 1403412542?
4
What is the ten thousands digit of 2205275618?
7
What is the units digit of 1007072458?
8
What is the hundreds digit of 27026674?
6
What is the millions digit of 1530323757?
0
What is the millions digit of 662954943?
2
What is the hundred thousands digit of 846280468?
2
What is the ten thousands digit of 20621459?
2
What is the millions digit of 1620871342?
0
What is the hundreds digit of 453912110?
1
What is the hundreds digit of 182386753?
7
What is the units digit of 435930832?
2
What is the ten millions digit of 8319669029?
1
What is the hundred thousands digit of 28717128?
7
What is the thousands digit of 1101644947?
4
What is the ten thousands digit of 4106777534?
7
What is the millions digit of 337872394?
7
What is the hundred thousands digit of 433087393?
0
What is the hundred millions digit of 810313362?
8
What is the units digit of 58953088?
8
What is the units digit of 38036925?
5
What is the tens digit of 3165616025?
2
What is the ten millions digit of 36911078?
3
What is the hundred millions digit of 1569724496?
5
What is the millions digit of 904701685?
4
What is the units digit of 539907248?
8
What is the hundred thousands digit of 181520490?
5
What is the hundreds digit of 1436348820?
8
What is the tens digit of 65977798?
9
What is the hundred millions digit of 3590724375?
5
What is the hundreds digit of 571722889?
8
What is the hundred millions digit of 267491885?
2
What is the hundred thousands digit of 441576571?
5
What is the ten thousands digit of 471382226?
8
What is the thousands digit of 212192583?
2
What is the millions digit of 250240665?
0
What is the hundred thousands digit of 31776313?
7
What is the hundred millions digit of 107685876?
1
What is the ten millions digit of 60443673?
6
What is the hundreds digit of 23358546?
5
What is the tens digit of 39144598?
9
What is the hundreds digit of 123097663?
6
What is the units digit of 1441522176?
6
What is the millions digit